 - g. What are the prime factors of g?
3, 41
What are the prime factors of (-2)/(-9) + (-2843918)/(-531)?
2, 13, 103
Suppose -13*n + 4*n + 4239 = 0. Suppose 0 = -13*m + n + 3442. List the prime factors of m.
7, 43
Let w(u) = 4*u + 3. Suppose 0*j - 4*j = -40. Let q(f) = -f**3 + 8*f**2 + 20*f + 5. Let y be q(j). List the prime factors of w(y).
23
Let t = 581 + 770. Let g = t + -910. List the prime factors of g.
3, 7
Let p be ((-108)/10)/((-26)/130). Let q = 229 - p. What are the prime factors of q?
5, 7
Suppose 0 = 692*v - 686*v - 12726. List the prime factors of v.
3, 7, 101
Suppose -49606*z + 49601*z = -105425. List the prime factors of z.
5, 4217
Suppose -8*r - 530 = 6646. Let n = -367 - r. List the prime factors of n.
2, 5, 53
Suppose 0 = -p - 4*x - 394, -1203 = -4*p + 7*p + 5*x. Let l = p + 569. Suppose 2*a - l = 5*j, 70 = -5*a + 5*j + 485. What are the prime factors of a?
2, 3, 7
Suppose -3*w = -12, t - 5*w = -t + 450. Suppose -a + 174 = -t. List the prime factors of a.
409
Let o(h) = 59*h**2 - 315*h - 36. List the prime factors of o(11).
2, 17, 107
Suppose 28*i + 9147 = 31*i. What are the prime factors of i?
3049
Let k(f) = -f**3 - f + 24. Suppose b + t - 16 = 5*t, 8 = -2*t. Let n be k(b). Let a = n - -32. List the prime factors of a.
2, 7
Let x(d) = -5*d - 2*d - 57 + 70. Let f = -59 - -50. List the prime factors of x(f).
2, 19
Let r = -4621 + 9018. List the prime factors of r.
4397
Let x(p) = -4*p**2 - p - 4. Let a be x(5). Let k be (-108 - (-4 + -1)) + 6*1. Let z = k - a. List the prime factors of z.
2, 3
Suppose j = 946 - 958. Let u(v) = v**3 + 17*v**2 - 3*v + 8. What are the prime factors of u(j)?
2, 191
Let o(c) = -6*c - 42. Let t(r) = 2*r + 14. Let a(y) = 6*o(y) + 17*t(y). Let f be a(-7). Suppose 7*p + 65 - 646 = f. List the prime factors of p.
83
Suppose 4*t + 6 + 10 = 0. Let x(a) = 10*a**2 + 18*a - 9. What are the prime factors of x(t)?
79
Let o(j) be the first derivative of -183*j**2 + 7*j - 81. List the prime factors of o(-1).
373
Let q be ((-522)/(-15))/(12/30). Suppose -5*l + q = -2333. List the prime factors of l.
2, 11
List the prime factors of (-3)/(4*12/(-65904)).
3, 1373
List the prime factors of (-34 + -6)/((-205)/406884).
2, 3, 827
Let a(w) = 109*w + 1. Let x be a(1). Let d = x + -202. Let k = d - -114. List the prime factors of k.
2, 11
Let o = 13169 + -5573. What are the prime factors of o?
2, 3, 211
Let g(u) = 707*u + 11. Let z be g(1). Let o = z + -263. What are the prime factors of o?
5, 7, 13
Suppose 3*u = 3*a - 2*a + 6, -4*a = 5*u - 27. List the prime factors of 474/2*u/(-45)*-5.
79
What are the prime factors of (2493708/784)/(-1 - (1 - 57/24))?
2, 4241
Suppose -2*d - 3*h + 4599 = 0, 0 = -h - 112 + 109. List the prime factors of d.
2, 3
List the prime factors of (-24 - -13)/1 - 38041/(-1).
2, 5, 3803
Suppose 7*h - 71*h - 54*h + 6974744 = 0. What are the prime factors of h?
2, 7, 2111
Let h(c) = -11*c - 92. Let v be h(35). Let t = v + 1471. What are the prime factors of t?
2, 7, 71
Let c be 11/(-22) + 5/2. Let s(o) = c*o + 0*o**2 + 2*o**2 - 5 - 10*o - 3*o**2. What are the prime factors of s(-6)?
7
Let f = 1143 + 10947. List the prime factors of f.
2, 3, 5, 13, 31
Suppose 1067913 = 963*p - 943*p + 10093. What are the prime factors of p?
227, 233
Suppose 2*w = -6*m + 2*m + 18680, 0 = -m - 3*w + 4675. Suppose 7*b - 1925 = m. What are the prime factors of b?
2, 3, 157
Let o(b) = b - 2. Suppose 6 = 5*v + d, d + 2*d - 1 = 2*v. Let t be o(v). List the prime factors of ((-30)/20)/(t/30).
3, 5
Suppose 38*f + 15*f - 32*f = -7*f. Let g(z) = -z + 5. Let l be g(0). Suppose -l*s + 2*m + 696 = f, 0*m + m - 702 = -5*s. What are the prime factors of s?
2, 5, 7
Let k be 5768/2 - (-4 + 10). Suppose k + 1190 = 3*i. List the prime factors of i.
2, 3, 113
Let d(v) = -128*v - 50. Let k(a) = 253*a + 99. Let p(l) = -5*d(l) - 2*k(l). List the prime factors of p(6).
2, 107
Let x = 161 - 79. Let a be x/16 + 3/(-24). Suppose -a*l - 545 = -10*l. List the prime factors of l.
109
Let f = -52 + 61. List the prime factors of 11 - f - (3 + -613).
2, 3, 17
Suppose 0 = -17*a + 14*a - 6894. Let d = -1400 - a. List the prime factors of d.
2, 449
Suppose -m + 8 = 2*h + m, 3*h - 11 = -2*m. Suppose h*o = 3*p - 795, -4*p - o = -129 - 931. Suppose 6*c - 293 = p. List the prime factors of c.
3, 31
Suppose 0 = 5*b - 10*b + 5. Let v be 75 + 0*(b + -3 + 3). Suppose v = g + 3*l, l + 87 = -2*g + 3*g. List the prime factors of g.
2, 3, 7
Let t(h) = -h**2 + h + 1. Let x(w) = 108*w**2 - 2*w + 1. Let l(k) = t(k) + x(k). Let a be 1/2 + 3/6. What are the prime factors of l(a)?
2, 3
Suppose 10442 + 8456 = 22*x. Suppose -x = -24*d + 10037. List the prime factors of d.
2, 227
Let i(s) = s**3 - 3*s**2 - s - 1. Let m be i(3). Let c be 2 - (m + (-10)/(-5)). What are the prime factors of c*((-55)/(-12) - (-2)/(-6))?
17
Let f = 118 + -115. Suppose 0 = -f*s - 0*s - 9. List the prime factors of ((231/(-2))/7)/(s/32).
2, 11
Let s(w) = w**2 + 13*w + 34. Let u be s(-10). Let j(m) = m + 1. Let n be j(u). Let i(r) = r**3 - 3*r**2 + 8*r - 11. What are the prime factors of i(n)?
79
Let b(a) = a**2 - 13*a - 18. Let s be (-26)/(-13) + (0 - -3). Let p(c) = -12*c - 17. Let w(x) = s*b(x) - 6*p(x). List the prime factors of w(-5).
2, 3, 17
Suppose 0 = 2*s + 2, -6*r + 3*r + 51 = 3*s. Let m be ((-46)/(-4))/(1 + r/(-20)). List the prime factors of (-1 - (-9)/(-3)) + m.
3, 37
Let z be 12/((105/10)/7). Let j(w) = 0*w - z*w + 9*w + 17 - 3. List the prime factors of j(0).
2, 7
Suppose -5417 = -6*u + 2995. What are the prime factors of u?
2, 701
Let v(q) be the second derivative of -31*q**5/10 - q**4/12 - q**3/6 + 5*q. Suppose 0 = -27*r + 23*r - 4. List the prime factors of v(r).
2, 31
Let j(u) = u**2 - 17*u + 1. Let y be j(15). Let i = 49 - y. List the prime factors of 1/(3/i) + -1.
5
Suppose -3*h = -6*h + 3. Suppose 0 = a + 4*l + 18, -a + h = -2*l - 11. Suppose 2*p + a*p - 200 = 0. List the prime factors of p.
2, 5
Suppose 25 = -5*c, 14*c - 3635 = -5*r + 12*c. List the prime factors of r.
3
Let r(p) = p**3 + 19*p**2 - 12. Let i be r(-19). What are the prime factors of 2/5*(i/3 + 3044)?
2, 19
Suppose 5*u + 2*v + 346 = 0, 5*u + 143 + 197 = -5*v. Let x = u - -70. What are the prime factors of (x - -1 - -6) + 30/15?
3
Let h(l) = 13. Let a(g) = 0*g + 0*g**2 + g + 2*g**2 - g**2. Let m(d) = 2*a(d) + h(d). List the prime factors of m(-5).
53
Suppose 3*q = 4215 + 990. Suppose 102*z - 97*z = q. List the prime factors of z.
347
Suppose 4*u + a = 90025, 9*u = 7*u + a + 45023. List the prime factors of u.
2, 17, 331
Let d(h) = -21*h + 46*h - 24*h + 16 + 34. Let x be d(0). Let c = 64 - x. What are the prime factors of c?
2, 7
List the prime factors of -1140*((-294)/(-105)*(2 + -1) - 6).
2, 3, 19
Let j be (-52)/182 + 1/(-7)*-2. List the prime factors of ((j - 9) + -6)*(-1190)/15.
2, 5, 7, 17
Let o(l) = -l**3 + 9*l**2 - 17*l - 11. Let p be o(5). Let i be (-4)/18 - (-7)/(-9). List the prime factors of (48/p - 1) + 3 + i.
13
Let o(n) = 12 - 56 - 48*n - 67. What are the prime factors of o(-11)?
3, 139
Let u = 40 - 38. Let p be 9/(2*u/(-24)). What are the prime factors of (p/15)/((-1)/15)?
2, 3
Suppose -469 + 4 = -7*r + 4*r. Suppose 0*l - x = -2*l + 61, -53 = -l - 4*x. Let z = r - l. What are the prime factors of z?
2, 61
Suppose 0 = -39*n + 65*n - 1215786. What are the prime factors of n?
3, 11, 13, 109
Let g be ((-458)/4)/((-9)/(-18)). Let c = -113 - g. List the prime factors of c.
2, 29
Let u be (4/(-16)*-8)/((-2)/(-2)). Suppose -5*k + 0*o + u*o = -33, -9 = -2*k + 5*o. Suppose -136 + k = -y. What are the prime factors of y?
3, 43
Let h = 561 - 414. Let y = -24 + h. What are the prime factors of y?
3, 41
Suppose -47*g + 40*g + 28 = 0. Suppose -o + 140 = -5*k - 176, -g*k = 2*o - 702. List the prime factors of o.
11, 31
Let v(l) = 121*l**2 + 53*l + 1384. List the prime factors of v(-12).
2, 7, 11, 59
Let o be (-6)/(-108)*6 + 17/3. Suppose o = i - 6. Suppose -i*f = -327 + 3. What are the prime factors of f?
3
Let n(a) = 571*a**3 + 9*a**2 - 103*a + 480. What are the prime factors of n(5)?
3, 5, 13, 367
Suppose -6635*s + 3320*s = -3327*s + 234984. What are the prime factors of s?
2, 9791
Suppose z + 2*z + 2655 = 0. Let o = 1353 + z. List the prime factors of o.
2, 3, 13
Let s(p) = -3*p - 5*p - 4*p + 23 + p**2. Let 